 the remainder when j is divided by l.
16
Let s(i) = 7*i - 129. What is the remainder when 156 is divided by s(21)?
12
Suppose -42*i + 50 = -41*i. What is the remainder when 318 is divided by i?
18
Suppose -30 = -3*c - 2*c + 2*n, -5*n + 24 = 4*c. Suppose -4*w - 265 = -5*f, f - 280 = -4*f + w. What is the remainder when f is divided by c?
3
Suppose -g + 2*g - 19 = 0. What is the remainder when ((-10)/15)/(5/(-540)) is divided by g?
15
Suppose -141*k + 144*k - 282 = 0. Suppose k = 20*l - 18*l. What is the remainder when l is divided by 11?
3
Let m = 1918 - 1729. Calculate the remainder when m is divided by 41.
25
Suppose k + 8 = 27. Calculate the remainder when 82 is divided by k.
6
Let h(i) = 3*i**2 + 25*i + 30. What is the remainder when 234 is divided by h(-8)?
14
Suppose o - 9 = 3*h, -22 = 3*o - 2*h - 49. What is the remainder when 212 is divided by o?
5
Let x(z) = -z**3 - 19*z**2 - 38*z - 44. What is the remainder when 93 is divided by x(-17)?
21
Suppose -2*u - 3*n + 250 = 2*n, -4*u = 5*n - 520. Suppose -4*q = -7*q + u. Calculate the remainder when q is divided by 12.
9
Suppose 1 = -n, 0 = k + 174*n - 175*n - 7. What is the remainder when 47/5 + 4/(-10) is divided by k?
3
Let p = -63 - -157. What is the remainder when 468 is divided by p?
92
Suppose -3*d + 64 = 2*p, 0 = -d - 96 + 100. Let g(t) = -t**3 + 4*t + 1. What is the remainder when g(-4) is divided by p?
23
Let b be -1 + (6 - 2 - 7). Let a = -1 + b. What is the remainder when (3/(-2))/(a/10) is divided by 3?
0
Let x = -36 - -36. Suppose k - 6*k = x. Let n(i) = -i + 22. What is the remainder when 41 is divided by n(k)?
19
Suppose 15 = 2*s + 119. Let r be (-2)/(-3) + s/(-3). Suppose -3*x + x + r = -2*n, 4*x - 36 = n. What is the remainder when 33 is divided by x?
6
Suppose 5*p - 29 = 1. Let i = 14 - p. Calculate the remainder when 22 is divided by i.
6
Suppose c - 4*t + 43 = 0, -t = -2*c - 0*c - 72. Let n = 19 + c. Let s = 30 + n. What is the remainder when 39 is divided by s?
11
Let n(d) = -d + 125. What is the remainder when n(-8) is divided by 24?
13
Let w(b) = b**2 - 7*b - 5. Suppose 9*g + 285 = 24*g. What is the remainder when w(-6) is divided by g?
16
What is the remainder when -2*(125/(-30) + (-6)/(-9)) is divided by 4?
3
Let r(u) be the second derivative of 3*u**3/2 - 10*u**2 - 8*u. Let i be r(8). Suppose -14 = l - i. What is the remainder when 149 is divided by l?
35
Let c be (-10)/65 - (-1458)/13. Let q = -7 + -47. Let i = q + c. What is the remainder when i is divided by 15?
13
Let k(g) = 15*g - 577. What is the remainder when 458 is divided by k(40)?
21
Suppose -25 = -3*u + 2*j - 9, -2*u = 2*j - 4. Suppose d - x = -4, -5*d - 10 = -0*d + 5*x. Let i = 6 + d. What is the remainder when u is divided by i?
1
Suppose 174 = -6*l + 9*l. What is the remainder when l is divided by 30?
28
Let g(a) = 8*a + 2. Let r be g(4). Suppose 2*t = 2*p - 38, 0*p + 2*p = 3*t + r. Calculate the remainder when 60/(-18)*132/(-10) is divided by p.
21
Let a = -22 + 19. What is the remainder when 54 is divided by (-3)/a - (-18)/1?
16
Let u(a) = 82*a + 149. What is the remainder when u(4) is divided by 24?
21
Suppose 0 = -2*v + 210 + 166. Suppose -7*i = -85 - v. What is the remainder when i is divided by 7?
4
What is the remainder when 344 is divided by 4/(-46) - (-20709)/897?
22
Suppose -i - 50 = -3*i - 3*y, -3*i + 3*y = -45. Let x(m) = -2*m**2 - 2*m**2 + 4 + 5*m**2 + 2*m**2 + 11*m. Calculate the remainder when x(-7) is divided by i.
17
Suppose -18*t - 703 + 5599 = 0. What is the remainder when t is divided by 69?
65
Let o be (-3 + -16)/(-1) - -2. Let l = o + 17. What is the remainder when 148 is divided by l?
34
Suppose -2*a = -25 - 51. Suppose n = -n + a. Suppose n = 3*x - 11. What is the remainder when 18 is divided by x?
8
Suppose -c + r + 14 = 0, 0 = -r - 3*r + 4. Let i(h) = -h**2 + 10*h + 5. What is the remainder when i(9) is divided by c/(-6)*(-3 - -1)?
4
Suppose 2*h - 364 = 7*h + 4*l, 5*h + 400 = 5*l. Let i = h - -88. What is the remainder when 20 is divided by i?
8
Suppose 4*p + 4 = -4, 4*i + 5*p - 34 = 0. Suppose 6 = 3*j, -4*s + i = -3*j - 27. Calculate the remainder when s is divided by 5.
1
Let n = -28 + 58. Calculate the remainder when 109 is divided by n.
19
Let n = 89 + -37. What is the remainder when n is divided by 4?
0
Calculate the remainder when (-1 + 3)*77 - (-30 + 34) is divided by 39.
33
Let f(m) = 7*m - 22. Let r(g) = 2*g - 1. Let u = 13 - 7. Calculate the remainder when r(u) is divided by f(4).
5
Suppose c = -3*c - 32. Let v be 4/c + 399/2. Suppose -3*y = 5*w - 105, 4*w = -4*y + v - 59. Calculate the remainder when y is divided by 12.
11
Let x be -3 + -158 + 1 + -2 + -1. Let c = -109 - x. What is the remainder when c is divided by 15?
9
Suppose 0 = -4*g + 27 - 15. Suppose 5*x - 25 = -2*a - 0, a + 15 = g*x. What is the remainder when 19 is divided by 94/10 + 3/x?
9
Calculate the remainder when ((-192)/224)/(-1*1/168) is divided by 38.
30
Suppose 40 = -7*r + 8*r. Let c = -22 + r. Calculate the remainder when 3 + 3 + (0 - -47) is divided by c.
17
Suppose 0 = o - 4*t - 14, -2*o + t + 0*t = 0. Suppose -310 = -3*u + 158. What is the remainder when o*(-3 - u/8) is divided by 12?
9
What is the remainder when (718/6)/(36/108) is divided by 45?
44
Suppose 0 = 2*x - 7*v + 3*v - 2, 5*v - 58 = -3*x. Let u(q) = 7*q**2 - 3*q**2 + 0*q**2 - 3 + 5 + 4*q**3 - 4*q. Calculate the remainder when u(2) is divided by x.
9
Let f(m) = -m**3 - m + 19. Let a be f(0). Suppose 5*u - 86 = -b, -3*b = 3*u + b - 38. Let v = u + a. What is the remainder when 108 is divided by v?
34
What is the remainder when 51 + -18*(-2)/6 is divided by 47?
10
Let z(m) = m**2 + m + 7. What is the remainder when z(6) is divided by (-35)/((-15)/3) + (-19 - -22)?
9
Let a(i) = i**3 - 3*i**2 - 5*i + 14. Let c be a(-6). Let q = 419 + c. Calculate the remainder when q is divided by 35.
34
Let d(q) = 12*q + 7 + 2*q**2 - 1 + 9*q**2 - q**3. Let r be d(12). Calculate the remainder when 13 is divided by r/((-4)/(-2)) + 2.
3
Let y(p) = p**3 - 5*p**2 - 8*p + 7*p - 9*p**2 + 19. Calculate the remainder when 9 is divided by y(14).
4
Let j(g) = -g + 4. Let f be j(4). Suppose 37*u + 416 = 5*u. What is the remainder when 37 is divided by (-12)/12*(u - f)?
11
Suppose -2*u = 5*q - 625, 4*q - 513 = -2*u + 3*u. What is the remainder when q is divided by 4?
3
Let d(u) = -294*u**3 - 4*u - 4. What is the remainder when d(-1) is divided by 100?
94
Calculate the remainder when (-35)/14*1036/(-10) is divided by 13.
12
Suppose -43*g + 600 = -39*g. What is the remainder when g is divided by 75?
0
Suppose 2*n + 3*z + 12 = 128, 3*n = -5*z + 175. Calculate the remainder when n is divided by 21.
13
Suppose 4*k = 3*k + 6. Let g(f) = -f. Let d be g(k). Let u(i) = -6*i - 21. What is the remainder when 42 is divided by u(d)?
12
Calculate the remainder when (-6 + (-400)/15)*(-6)/4 is divided by (102/(-9))/(2/(-3)).
15
Suppose -24 = -c + 3*i, -5*c + 0*i = -5*i - 80. Suppose -4*z + 6 = -14, -5*z = w - 70. What is the remainder when w is divided by c?
9
Let x = -6 - -163. Calculate the remainder when x is divided by 27.
22
Let a(t) = 5*t**2 - 106*t + 691. Calculate the remainder when a(7) is divided by 87.
20
What is the remainder when 292 is divided by (-474 + -6)/(-5) + 3?
94
Suppose -5*v - 5*k = -3*k - 128, 0 = 4*v - k - 92. Calculate the remainder when 116 is divided by v.
20
Let d be (4 - 7/2)*10. Suppose -3*w - w - 4*a = -132, a = d. What is the remainder when w is divided by 8?
4
Let x = 464 - 239. Suppose -3*m = 2*r - 113, 5*m - x = -3*r - r. What is the remainder when r is divided by 19?
17
Let d = 7 + -7. Suppose d = -5*h - 4*g + 28 + 2, 2*g - 10 = 0. Suppose -w + 23 = 3*z, 3*w + h*w = -z + 143. What is the remainder when w is divided by 10?
9
Suppose -13*k = 24 - 1558. Calculate the remainder when 1295 is divided by k.
115
Let z(l) = 44*l + 163. What is the remainder when 39 is divided by z(-3)?
8
Suppose 5*h + 532 = l, -3*l + 1580 = -12*h + 13*h. Calculate the remainder when l is divided by 11.
10
Let f = 13 + -12. Calculate the remainder when 37 is divided by 2/(f + (-20)/25).
7
Let d be 3/(-4) + (-14)/(-8). Suppose 2*p - d = 1. Suppose 5*q = -3*n + 25, -2*q - 2*n - 11 = -5*n. What is the remainder when q is divided by p?
0
Suppose -c = -r - 28, 46 = 2*c 